{"id":2257,"date":"2021-08-19T09:12:14","date_gmt":"2021-08-19T07:12:14","guid":{"rendered":"http:\/\/stage.alm.smithberlin.com\/?page_id=2257"},"modified":"2021-08-19T09:12:14","modified_gmt":"2021-08-19T07:12:14","slug":"besuch","status":"publish","type":"page","link":"https:\/\/www.alliiertenmuseum.de\/fr\/besuch\/","title":{"rendered":"VISITES"},"content":{"rendered":"\n<div class=\"wp-block-group\"><div class=\"wp-block-group__inner-container is-layout-flow wp-block-group-is-layout-flow\">\n<h3 class=\"wp-block-heading\">Horaires d&rsquo;ouvertures<\/h3>\n\n\n\n<p>Mardi \u2013 Dimanche 10\u201318 h<\/p>\n<\/div><\/div>\n\n\n\n<div class=\"wp-block-group\"><div class=\"wp-block-group__inner-container is-layout-flow wp-block-group-is-layout-flow\">\n<h3 class=\"wp-block-heading\">Prix<\/h3>\n\n\n\n<p>L&rsquo;entr\u00e9e est gratuite<\/p>\n<\/div><\/div>\n\n\n\n<div class=\"wp-block-group\"><div class=\"wp-block-group__inner-container is-layout-flow wp-block-group-is-layout-flow\">\n<h3 class=\"wp-block-heading\">Acc\u00e9s au site du mus\u00e9e<\/h3>\n\n\n\n<p>AlliiertenMuseum<br>Clayallee 135<br>14195 Berlin<br>(Grand parking gratuit)<\/p>\n<\/div><\/div>\n\n\n\n<div class=\"wp-block-group\"><div class=\"wp-block-group__inner-container is-layout-flow wp-block-group-is-layout-flow\">\n<h3 class=\"wp-block-heading\">contact<\/h3>\n\n\n\n<p>+49 30\/818 199 0<br>info@alliiertenmuseum.de<\/p>\n<\/div><\/div>\n\n\n\n<div class=\"wp-block-group\"><div class=\"wp-block-group__inner-container is-layout-flow wp-block-group-is-layout-flow\">\n<h3 class=\"wp-block-heading\">InformatioNS ACTUELLES<\/h3>\n\n\n\n<p>Veuillez comprendre que l&rsquo;acc\u00e8s est limit\u00e9 et qu&rsquo;une visite n&rsquo;est possible que si vous acceptez les r\u00e8gles de distanciation, d&rsquo;hygi\u00e8ne et le port d&rsquo;un masque facial. Les ateliers et visites guid\u00e9es sont possibles pour des groupes de 10 personnes maximum ! Pour les groupes de plus de 5 personnes, nous vous prions de vous inscrire au  moins une semaine avant la date de votre de visite.<\/p>\n<\/div><\/div>\n","protected":false},"excerpt":{"rendered":"<p>Horaires d&rsquo;ouvertures Mardi \u2013 Dimanche 10\u201318 h Prix L&rsquo;entr\u00e9e est gratuite Acc\u00e9s au site du mus\u00e9e AlliiertenMuseumClayallee 13514195 Berlin(Grand parking gratuit) contact +49 30\/818 199 0info@alliiertenmuseum.de InformatioNS ACTUELLES Veuillez comprendre que l&rsquo;acc\u00e8s est limit\u00e9 et qu&rsquo;une visite n&rsquo;est possible que si vous acceptez les r\u00e8gles de distanciation, d&rsquo;hygi\u00e8ne et le port d&rsquo;un masque facial. Les [&hellip;]<\/p>\n","protected":false},"author":1,"featured_media":0,"parent":0,"menu_order":0,"comment_status":"closed","ping_status":"closed","template":"","meta":{"_highline":"","_subtitle":"","_locale":"fr_FR","_original_post":"https:\/\/www.alliiertenmuseum.de\/?page_id=1772","_featured_cover":false,"_featured_caption":"","_featured_caption_checkbox":false,"_featured_alt":"","_pinkie_id":0,"_pinkie_caption":false,"_pinkie_alt":"","footnotes":"","_post-color":[]},"class_list":["post-2257","page","type-page","status-publish","hentry","fr-FR"],"featured_image_src":null,"yoast_head":"<!-- This site is optimized with the Yoast SEO plugin v26.2 - https:\/\/yoast.com\/wordpress\/plugins\/seo\/ -->\n<title>VISITES - AlliiertenMuseum<\/title>\n<meta name=\"robots\" content=\"index, follow, max-snippet:-1, max-image-preview:large, max-video-preview:-1\" \/>\n<link rel=\"canonical\" href=\"https:\/\/www.alliiertenmuseum.de\/fr\/besuch\/\" \/>\n<meta property=\"og:locale\" content=\"fr_FR\" \/>\n<meta property=\"og:type\" content=\"article\" \/>\n<meta property=\"og:title\" content=\"VISITES - AlliiertenMuseum\" \/>\n<meta property=\"og:description\" content=\"Horaires d&rsquo;ouvertures Mardi \u2013 Dimanche 10\u201318 h Prix L&rsquo;entr\u00e9e est gratuite Acc\u00e9s au site du mus\u00e9e AlliiertenMuseumClayallee 13514195 Berlin(Grand parking gratuit) contact +49 30\/818 199 0info@alliiertenmuseum.de InformatioNS ACTUELLES Veuillez comprendre que l&rsquo;acc\u00e8s est limit\u00e9 et qu&rsquo;une visite n&rsquo;est possible que si vous acceptez les r\u00e8gles de distanciation, d&rsquo;hygi\u00e8ne et le port d&rsquo;un masque facial. Les [&hellip;]\" \/>\n<meta property=\"og:url\" content=\"https:\/\/www.alliiertenmuseum.de\/fr\/besuch\/\" \/>\n<meta property=\"og:site_name\" content=\"AlliiertenMuseum\" \/>\n<meta name=\"twitter:card\" content=\"summary_large_image\" \/>\n<meta name=\"twitter:label1\" content=\"Dur\u00e9e de lecture estim\u00e9e\" \/>\n\t<meta name=\"twitter:data1\" content=\"1 minute\" \/>\n<script type=\"application\/ld+json\" class=\"yoast-schema-graph\">{\"@context\":\"https:\/\/schema.org\",\"@graph\":[{\"@type\":\"WebPage\",\"@id\":\"https:\/\/www.alliiertenmuseum.de\/fr\/besuch\/\",\"url\":\"https:\/\/www.alliiertenmuseum.de\/fr\/besuch\/\",\"name\":\"VISITES - AlliiertenMuseum\",\"isPartOf\":{\"@id\":\"https:\/\/www.alliiertenmuseum.de\/#website\"},\"datePublished\":\"2021-08-19T07:12:14+00:00\",\"breadcrumb\":{\"@id\":\"https:\/\/www.alliiertenmuseum.de\/fr\/besuch\/#breadcrumb\"},\"inLanguage\":\"fr-FR\",\"potentialAction\":[{\"@type\":\"ReadAction\",\"target\":[\"https:\/\/www.alliiertenmuseum.de\/fr\/besuch\/\"]}]},{\"@type\":\"BreadcrumbList\",\"@id\":\"https:\/\/www.alliiertenmuseum.de\/fr\/besuch\/#breadcrumb\",\"itemListElement\":[{\"@type\":\"ListItem\",\"position\":1,\"name\":\"Startseite\",\"item\":\"https:\/\/www.alliiertenmuseum.de\/fr\/\"},{\"@type\":\"ListItem\",\"position\":2,\"name\":\"VISITES\"}]},{\"@type\":\"WebSite\",\"@id\":\"https:\/\/www.alliiertenmuseum.de\/#website\",\"url\":\"https:\/\/www.alliiertenmuseum.de\/\",\"name\":\"AlliiertenMuseum\",\"description\":\"\",\"publisher\":{\"@id\":\"https:\/\/www.alliiertenmuseum.de\/#organization\"},\"potentialAction\":[{\"@type\":\"SearchAction\",\"target\":{\"@type\":\"EntryPoint\",\"urlTemplate\":\"https:\/\/www.alliiertenmuseum.de\/?s={search_term_string}\"},\"query-input\":{\"@type\":\"PropertyValueSpecification\",\"valueRequired\":true,\"valueName\":\"search_term_string\"}}],\"inLanguage\":\"fr-FR\"},{\"@type\":\"Organization\",\"@id\":\"https:\/\/www.alliiertenmuseum.de\/#organization\",\"name\":\"AlliiertenMuseum\",\"url\":\"https:\/\/www.alliiertenmuseum.de\/\",\"logo\":{\"@type\":\"ImageObject\",\"inLanguage\":\"fr-FR\",\"@id\":\"https:\/\/www.alliiertenmuseum.de\/#\/schema\/logo\/image\/\",\"url\":\"https:\/\/www.alliiertenmuseum.de\/wp-content\/uploads\/2021\/05\/logo.svg\",\"contentUrl\":\"https:\/\/www.alliiertenmuseum.de\/wp-content\/uploads\/2021\/05\/logo.svg\",\"caption\":\"AlliiertenMuseum\"},\"image\":{\"@id\":\"https:\/\/www.alliiertenmuseum.de\/#\/schema\/logo\/image\/\"}}]}<\/script>\n<!-- \/ Yoast SEO plugin. -->","yoast_head_json":{"title":"VISITES - AlliiertenMuseum","robots":{"index":"index","follow":"follow","max-snippet":"max-snippet:-1","max-image-preview":"max-image-preview:large","max-video-preview":"max-video-preview:-1"},"canonical":"https:\/\/www.alliiertenmuseum.de\/fr\/besuch\/","og_locale":"fr_FR","og_type":"article","og_title":"VISITES - AlliiertenMuseum","og_description":"Horaires d&rsquo;ouvertures Mardi \u2013 Dimanche 10\u201318 h Prix L&rsquo;entr\u00e9e est gratuite Acc\u00e9s au site du mus\u00e9e AlliiertenMuseumClayallee 13514195 Berlin(Grand parking gratuit) contact +49 30\/818 199 0info@alliiertenmuseum.de InformatioNS ACTUELLES Veuillez comprendre que l&rsquo;acc\u00e8s est limit\u00e9 et qu&rsquo;une visite n&rsquo;est possible que si vous acceptez les r\u00e8gles de distanciation, d&rsquo;hygi\u00e8ne et le port d&rsquo;un masque facial. Les [&hellip;]","og_url":"https:\/\/www.alliiertenmuseum.de\/fr\/besuch\/","og_site_name":"AlliiertenMuseum","twitter_card":"summary_large_image","twitter_misc":{"Dur\u00e9e de lecture estim\u00e9e":"1 minute"},"schema":{"@context":"https:\/\/schema.org","@graph":[{"@type":"WebPage","@id":"https:\/\/www.alliiertenmuseum.de\/fr\/besuch\/","url":"https:\/\/www.alliiertenmuseum.de\/fr\/besuch\/","name":"VISITES - AlliiertenMuseum","isPartOf":{"@id":"https:\/\/www.alliiertenmuseum.de\/#website"},"datePublished":"2021-08-19T07:12:14+00:00","breadcrumb":{"@id":"https:\/\/www.alliiertenmuseum.de\/fr\/besuch\/#breadcrumb"},"inLanguage":"fr-FR","potentialAction":[{"@type":"ReadAction","target":["https:\/\/www.alliiertenmuseum.de\/fr\/besuch\/"]}]},{"@type":"BreadcrumbList","@id":"https:\/\/www.alliiertenmuseum.de\/fr\/besuch\/#breadcrumb","itemListElement":[{"@type":"ListItem","position":1,"name":"Startseite","item":"https:\/\/www.alliiertenmuseum.de\/fr\/"},{"@type":"ListItem","position":2,"name":"VISITES"}]},{"@type":"WebSite","@id":"https:\/\/www.alliiertenmuseum.de\/#website","url":"https:\/\/www.alliiertenmuseum.de\/","name":"AlliiertenMuseum","description":"","publisher":{"@id":"https:\/\/www.alliiertenmuseum.de\/#organization"},"potentialAction":[{"@type":"SearchAction","target":{"@type":"EntryPoint","urlTemplate":"https:\/\/www.alliiertenmuseum.de\/?s={search_term_string}"},"query-input":{"@type":"PropertyValueSpecification","valueRequired":true,"valueName":"search_term_string"}}],"inLanguage":"fr-FR"},{"@type":"Organization","@id":"https:\/\/www.alliiertenmuseum.de\/#organization","name":"AlliiertenMuseum","url":"https:\/\/www.alliiertenmuseum.de\/","logo":{"@type":"ImageObject","inLanguage":"fr-FR","@id":"https:\/\/www.alliiertenmuseum.de\/#\/schema\/logo\/image\/","url":"https:\/\/www.alliiertenmuseum.de\/wp-content\/uploads\/2021\/05\/logo.svg","contentUrl":"https:\/\/www.alliiertenmuseum.de\/wp-content\/uploads\/2021\/05\/logo.svg","caption":"AlliiertenMuseum"},"image":{"@id":"https:\/\/www.alliiertenmuseum.de\/#\/schema\/logo\/image\/"}}]}},"_links":{"self":[{"href":"https:\/\/www.alliiertenmuseum.de\/wp-json\/wp\/v2\/pages\/2257","targetHints":{"allow":["GET"]}}],"collection":[{"href":"https:\/\/www.alliiertenmuseum.de\/wp-json\/wp\/v2\/pages"}],"about":[{"href":"https:\/\/www.alliiertenmuseum.de\/wp-json\/wp\/v2\/types\/page"}],"author":[{"embeddable":true,"href":"https:\/\/www.alliiertenmuseum.de\/wp-json\/wp\/v2\/users\/1"}],"replies":[{"embeddable":true,"href":"https:\/\/www.alliiertenmuseum.de\/wp-json\/wp\/v2\/comments?post=2257"}],"version-history":[{"count":1,"href":"https:\/\/www.alliiertenmuseum.de\/wp-json\/wp\/v2\/pages\/2257\/revisions"}],"predecessor-version":[{"id":2258,"href":"https:\/\/www.alliiertenmuseum.de\/wp-json\/wp\/v2\/pages\/2257\/revisions\/2258"}],"wp:attachment":[{"href":"https:\/\/www.alliiertenmuseum.de\/wp-json\/wp\/v2\/media?parent=2257"}],"curies":[{"name":"wp","href":"https:\/\/api.w.org\/{rel}","templated":true}]}}

<div class="wp-block-group"><div class="wp-block-group__inner-container is-layout-flow wp-block-group-is-layout-flow">
<h3 class="wp-block-heading">Horaires d&rsquo;ouvertures</h3>



<p>Mardi – Dimanche 10–18 h</p>
</div></div>



<div class="wp-block-group"><div class="wp-block-group__inner-container is-layout-flow wp-block-group-is-layout-flow">
<h3 class="wp-block-heading">Prix</h3>



<p>L&rsquo;entrée est gratuite</p>
</div></div>



<div class="wp-block-group"><div class="wp-block-group__inner-container is-layout-flow wp-block-group-is-layout-flow">
<h3 class="wp-block-heading">Accés au site du musée</h3>



<p>AlliiertenMuseum<br>Clayallee 135<br>14195 Berlin<br>(Grand parking gratuit)</p>
</div></div>



<div class="wp-block-group"><div class="wp-block-group__inner-container is-layout-flow wp-block-group-is-layout-flow">
<h3 class="wp-block-heading">contact</h3>



<p>+49 30/818 199 0<br>info@alliiertenmuseum.de</p>
</div></div>



<div class="wp-block-group"><div class="wp-block-group__inner-container is-layout-flow wp-block-group-is-layout-flow">
<h3 class="wp-block-heading">InformatioNS ACTUELLES</h3>



<p>Veuillez comprendre que l&rsquo;accès est limité et qu&rsquo;une visite n&rsquo;est possible que si vous acceptez les règles de distanciation, d&rsquo;hygiène et le port d&rsquo;un masque facial. Les ateliers et visites guidées sont possibles pour des groupes de 10 personnes maximum ! Pour les groupes de plus de 5 personnes, nous vous prions de vous inscrire au  moins une semaine avant la date de votre de visite.</p>
</div></div>

<p>Horaires d&rsquo;ouvertures Mardi – Dimanche 10–18 h Prix L&rsquo;entrée est gratuite Accés au site du musée AlliiertenMuseumClayallee 13514195 Berlin(Grand parking gratuit) contact +49 30/818 199 0info@alliiertenmuseum.de InformatioNS ACTUELLES Veuillez comprendre que l&rsquo;accès est limité et qu&rsquo;une visite n&rsquo;est possible que si vous acceptez les règles de distanciation, d&rsquo;hygiène et le port d&rsquo;un masque facial. Les [&hellip;]</p>

<!-- This site is optimized with the Yoast SEO plugin v26.2 - https://yoast.com/wordpress/plugins/seo/ -->
<title>VISITES - AlliiertenMuseum</title>
<meta name="robots" content="index, follow, max-snippet:-1, max-image-preview:large, max-video-preview:-1" />
<link rel="canonical" href="https://www.alliiertenmuseum.de/fr/besuch/" />
<meta property="og:locale" content="fr_FR" />
<meta property="og:type" content="article" />
<meta property="og:title" content="VISITES - AlliiertenMuseum" />
<meta property="og:description" content="Horaires d&rsquo;ouvertures Mardi – Dimanche 10–18 h Prix L&rsquo;entrée est gratuite Accés au site du musée AlliiertenMuseumClayallee 13514195 Berlin(Grand parking gratuit) contact +49 30/818 199 0info@alliiertenmuseum.de InformatioNS ACTUELLES Veuillez comprendre que l&rsquo;accès est limité et qu&rsquo;une visite n&rsquo;est possible que si vous acceptez les règles de distanciation, d&rsquo;hygiène et le port d&rsquo;un masque facial. Les [&hellip;]" />
<meta property="og:url" content="https://www.alliiertenmuseum.de/fr/besuch/" />
<meta property="og:site_name" content="AlliiertenMuseum" />
<meta name="twitter:card" content="summary_large_image" />
<meta name="twitter:label1" content="Durée de lecture estimée" />
	<meta name="twitter:data1" content="1 minute" />
<script type="application/ld+json" class="yoast-schema-graph">{"@context":"https://schema.org","@graph":[{"@type":"WebPage","@id":"https://www.alliiertenmuseum.de/fr/besuch/","url":"https://www.alliiertenmuseum.de/fr/besuch/","name":"VISITES - AlliiertenMuseum","isPartOf":{"@id":"https://www.alliiertenmuseum.de/#website"},"datePublished":"2021-08-19T07:12:14+00:00","breadcrumb":{"@id":"https://www.alliiertenmuseum.de/fr/besuch/#breadcrumb"},"inLanguage":"fr-FR","potentialAction":[{"@type":"ReadAction","target":["https://www.alliiertenmuseum.de/fr/besuch/"]}]},{"@type":"BreadcrumbList","@id":"https://www.alliiertenmuseum.de/fr/besuch/#breadcrumb","itemListElement":[{"@type":"ListItem","position":1,"name":"Startseite","item":"https://www.alliiertenmuseum.de/fr/"},{"@type":"ListItem","position":2,"name":"VISITES"}]},{"@type":"WebSite","@id":"https://www.alliiertenmuseum.de/#website","url":"https://www.alliiertenmuseum.de/","name":"AlliiertenMuseum","description":"","publisher":{"@id":"https://www.alliiertenmuseum.de/#organization"},"potentialAction":[{"@type":"SearchAction","target":{"@type":"EntryPoint","urlTemplate":"https://www.alliiertenmuseum.de/?s={search_term_string}"},"query-input":{"@type":"PropertyValueSpecification","valueRequired":true,"valueName":"search_term_string"}}],"inLanguage":"fr-FR"},{"@type":"Organization","@id":"https://www.alliiertenmuseum.de/#organization","name":"AlliiertenMuseum","url":"https://www.alliiertenmuseum.de/","logo":{"@type":"ImageObject","inLanguage":"fr-FR","@id":"https://www.alliiertenmuseum.de/#/schema/logo/image/","url":"https://www.alliiertenmuseum.de/wp-content/uploads/2021/05/logo.svg","contentUrl":"https://www.alliiertenmuseum.de/wp-content/uploads/2021/05/logo.svg","caption":"AlliiertenMuseum"},"image":{"@id":"https://www.alliiertenmuseum.de/#/schema/logo/image/"}}]}</script>
<!-- / Yoast SEO plugin. -->

Horaires d&rsquo;ouvertures Mardi – Dimanche 10–18 h Prix L&rsquo;entrée est gratuite Accés au site du musée AlliiertenMuseumClayallee 13514195 Berlin(Grand parking gratuit) contact +49 30/818 199 0info@alliiertenmuseum.de InformatioNS ACTUELLES Veuillez comprendre que l&rsquo;accès est limité et qu&rsquo;une visite n&rsquo;est possible que si vous acceptez les règles de distanciation, d&rsquo;hygiène et le port d&rsquo;un masque facial. Les [&hellip;]
